*j**3 - j**3 - 2*j + 8 - 3*j**2 - j**3. Suppose 2*f + 10 = -4*v, 0 = 9*f + 4*v - 7*v - 102. Is w(f) a prime number?
False
Suppose -201 = -5*z - 51. Let d = 28 - z. Is (-65)/(-3) - d/(-3) prime?
False
Let q be (0 + (-10)/(-8))/((-7)/(-8484)). Let p = q + 7323. Suppose 4*i + 2*g = 14178, -3*g - 1759 + p = 2*i. Is i composite?
False
Is (-2)/16 - (-29353267)/472 composite?
False
Suppose -5*y + 22 = -58. Suppose 4*q = w + y, -8 = -5*q + q. Is 94*(4 - (-12)/w) a composite number?
True
Suppose 45107 = 4*l - 5*w, -14*l - 22557 = -16*l - w. Suppose -3*d - 3*y = -4*d + l, 0 = -2*y - 10. Is d a composite number?
True
Suppose -746346 + 13596306 = 121*s - s. Is s a prime number?
False
Let o be 0 + (-57)/(-11) + 12/(-66). Suppose 6*w - w - 1977 = a, 0 = o*w + a - 1973. Suppose -3*n + 117 = 7*d - 6*d, 0 = 3*d - 2*n - w. Is d composite?
True
Let l = -240 - -243. Suppose -3*o + 15536 = 5*f, -l*f - o + 2077 = -7247. Is f a composite number?
False
Suppose 1020627 + 5479799 = 34*m. Is m a composite number?
False
Suppose 0 = -23*b + 1768258 - 1409641 + 3293806. Is b composite?
True
Let n(z) be the third derivative of z**4/8 + 41*z**3/6 + 15*z**2. Let w be n(-13). Suppose 0*k = 2*r - 4*k - 870, 0 = 3*r - w*k - 1309. Is r a composite number?
True
Let w(n) = -8*n**3 - 2*n**2 + 13*n + 12. Let q be w(-5). Suppose 4*y + q = 3109. Suppose 0 = 28*s - 29*s + y. Is s a composite number?
True
Let h(x) = -4*x**2 - 14*x + 5. Let t be h(-12). Let r = t - -657. Is r a composite number?
True
Let z(c) = 757*c**2. Suppose j = 5*j - 4. Let b(x) = -x. Let v be b(j). Is z(v) composite?
False
Suppose -2*u - 603 = -d - 94, -12 = 4*u. Suppose -5*i + 5 = 0, d = 2*z - 6*i + i. Is z prime?
False
Let k = 935 + -658. Let g(o) = o - 2. Let c be g(6). Suppose c*j = 4, -s - s + k = -j. Is s composite?
False
Let g(a) = 20*a**3 - 3*a**2 - 6*a + 5. Let s be g(4). Let o = 129 + s. Let n = o - 347. Is n prime?
False
Let g(s) = 12*s + 74. Let i be g(-6). Suppose 16*u = 17*u + 5*b - 4457, -i*u + b + 8881 = 0. Is u composite?
True
Let i be (1 - (-1 + 3))*-5. Suppose 3*c + 21328 = i*o, 10841 + 1959 = 3*o - 5*c. Is o composite?
True
Suppose -13700 = -8*o + 59932. Suppose -9*p - 3*p + o = 0. Is p prime?
False
Let d(l) = -2*l**2 + 21*l + 20. Suppose -40 = -3*a - a. Let i be d(a). Suppose i*p - 32*p + 1886 = 0. Is p composite?
True
Suppose 6*c - 11 = 4*c + 5*a, -18 = -5*c + 3*a. Suppose 2590 = c*n + 7*n. Is n prime?
False
Let w = 77684 + -27447. Is w prime?
False
Suppose -l + 2 = y, 11 = 4*y - 5*l - 15. Suppose 4*k - 2*f - 7970 = 0, 4580 + 3396 = y*k + 4*f. Is k a prime number?
True
Let v be 5 + -1 + (-8)/2. Suppose -k + p = 2*k - 15, 5*p + 15 = v. Suppose 2*j - 3*h = -3*j + 1207, k*h + 16 = 0. Is j composite?
False
Suppose -27*f = -30*f + 9. Suppose f*p + 6 = 0, -18*r + 17*r + 465 = 2*p. Is r prime?
False
Let n(l) = -39*l - 272. Let t be n(-7). Suppose 0 = -4*p + 23 + 1. Is t + 18/p + 45*23 a composite number?
False
Let s = 24886 - 16579. Let w = s + -5578. Is w composite?
False
Let p = -7983 - -16774. Suppose 56410 + 32861 = 20*s + 19*s. Suppose 8*k - p = s. Is k a composite number?
True
Let n = -20174 + 383583. Is n composite?
True
Let f(v) = 32*v**2 + 297*v - 102. Is f(31) a composite number?
False
Let s be (-15)/(-10)*(0 + (-12)/(-9)). Suppose 0 = -2*g + 4*q + 12, -s*g + q = -5 - 1. Suppose -g*z = c - 1069, 2*c = -3*c + 5*z + 5285. Is c a prime number?
True
Suppose 5*l + k = 192415, 12*l - 13*l + 38462 = -4*k. Suppose -23*s + 89835 = -l. Is s prime?
False
Let z = -46 + 273. Suppose 225*c + 12518 = z*c. Is c prime?
False
Suppose 2*g + 2*g - 712033 = -3*g. Is g a composite number?
False
Suppose -3*s + 0*s + 3 = 0. Is (-54 - -1)*(s + -2)*131 a prime number?
False
Let u = -128085 + 305488. Is u composite?
True
Let h(c) be the third derivative of -49*c**6/120 - c**5/30 + c**4/12 + 5*c**3/6 - 8*c**2. Let l be h(-2). Suppose -4*g + l = g. Is g prime?
False
Let s be (7 + -58)*1*(-2)/6. Let d = s - 7. Suppose d*h - 4948 = 462. Is h composite?
False
Let s be (-85)/(-34) + 1/(-2). Let x be (1 - -2)/(2/s). Is (-610 - x)*(1 + -2) a composite number?
False
Suppose 0 = 5*w + 5. Let v be 373 + (-2)/w - (-10 - -12). Let n = 666 - v. Is n a composite number?
False
Let c = -89 + 81. Let p be 9 + c/4 + -5. Suppose -2139 = -s + 5*j, -p*s + 2143 = -s - 3*j. Is s a composite number?
True
Let h be (-1 + 4)/((-9)/(-6)). Suppose h*t - 2*x + 0*x - 370 = 0, -4*x + 583 = 3*t. Let a = 674 - t. Is a composite?
True
Suppose 0 = 17*a - 370313 - 256375. Suppose a = 7*b - 18695. Is b composite?
False
Suppose 49304 = 5*s - 4*x, 0 = -5*s - 3*x - x + 49296. Let n = s + -2297. Is n a composite number?
True
Let g = 335 - 383. Is (-229572)/g - (-2)/8 a prime number?
True
Let y(l) = 24224*l - 4693. Is y(4) prime?
True
Let n(u) be the first derivative of -5/2*u**2 + 41*u**3 - 21 + 5*u. Is n(2) prime?
True
Let j(r) = r**3 + 6*r**2 + 5*r + 11. Let m = -22 - -22. Suppose 17*x - 14*x - 24 = m. Is j(x) composite?
False
Suppose 20*a - 16*a = 176. Is 3/(-1) - (42 - a) - -6732 a composite number?
True
Let t be 482810/18 - (-4)/18. Let f = t - 13564. Is f a prime number?
True
Suppose 0*m + 42969 = 3*m. Let a = m + -8280. Is a a composite number?
False
Let b be 50/8 + (-1)/4. Let t(g) = 464*g + 3. Let w(x) = -681*x - 4. Let q(v) = -7*t(v) - 5*w(v). Is q(b) a composite number?
False
Let l = -11146 - -99077. Is l a composite number?
False
Let z(i) = 1598*i**2 - 2*i - 1. Let u be z(-1). Suppose -5*n + 4*b + 33 = 0, 0 = -2*n - 4*b + 2. Suppose -281 = 5*v - 5*t - 1916, -4*t + u = n*v. Is v prime?
False
Let s = -35157 + 15743. Let i = s - -34521. Is i prime?
True
Let w be (-4)/8*(-2 + -4*1). Let b be (w/(-10) + 3/(-15))*-4. Suppose 0 = f + 3*i - 544, 3 = b*i + 1. Is f prime?
True
Let k be (-6)/9*(-16 - -1)/(-1). Is (-712)/(-104) - k/65 a composite number?
False
Let s be 2/(5 - 38/(-8)*-1). Let n = 0 - -6. Suppose 5579 = 5*p + 2*w, s = n*w - 2*w. Is p a composite number?
True
Is 21879 + (-1)/((-12)/(-168)) a composite number?
True
Let v = -429159 + 643094. Is v prime?
False
Let d = 254 - -34021. Let o = 14560 + d. Is o a composite number?
True
Suppose -3*w + 54 + 44 = -4*s, 0 = -s - 2. Is ((-1361)/(-5))/(6/w) a composite number?
False
Let b be ((-2985)/9)/((-3)/18). Suppose -z = 4*z - b. Let x = -235 + z. Is x composite?
False
Suppose -4305 - 3327 = 6*h. Is (-554)/3*h/16 composite?
True
Let m be (8/16)/(1/26). Is (m/104)/(1/15592) composite?
False
Let p = 47 + -22. Suppose d + 21 = p. Is (2/d*4)/((-4)/(-446)) prime?
True
Suppose -2*x + 0*r = -5*r, -x - 1 = -3*r. Suppose -h + 1 = 0, -2*s - s = x*h - 359. Let d = 229 - s. Is d prime?
False
Let j(d) = 536*d - 1469. Is j(35) a composite number?
False
Let t(u) = -22419*u**3 + 3. Let l(y) = 33628*y**3 - 5. Let j(q) = -5*l(q) - 8*t(q). Is j(1) a composite number?
False
Let o = 595399 + 885060. Is o prime?
True
Suppose -102465 = 3*a - 268332. Is a a prime number?
False
Suppose -3*h + 0 = 2*x - 1, 4*h = 4*x - 32. Suppose x*q = o - 1452, -o + 1467 = -2*q - 0*q. Is o composite?
True
Suppose -3 = -2*f + g, 6*g - 3*g = -4*f + 21. Suppose 0 = 3*j + f*r - 3326 - 13, 5*j = 3*r + 5573. Is j composite?
True
Let b(j) = j**3 + 10*j**2 - 9*j + 20. Let n be b(-11). Let s(w) = -10*w - 251 + 250 + 3*w. Is s(n) composite?
False
Let g(b) = 467*b**3 + 8*b**2 - 91. Is g(6) a composite number?
True
Let r(z) = 783*z**3 - 371*z**2 + 2214*z + 7. Is r(6) a prime number?
True
Suppose 7*m - 3*m - 3*k = 6, -4*k = -8. Suppose -y = -4*t - 291, 2*y = -m*t + 6*y - 228. Let q = 31 - t. Is q a prime number?
True
Suppose 0 = h + 4*c - 23677, -2*h - 3*h + 5*c = -118535. Is h composite?
True
Let x = 312399 + -70810. Is x a prime number?
True
Suppose 0 = -8*p - 373 + 1069. Let v be (-3)/2*58/p. Is (v/(-6))/1 + (-27123)/(-18) prime?
False
Let t(z) = 6680*z**2 + 6*z + 3. Let x be t(2). Suppose 0 = -5*v - 3*h + x, 4*h = -8*v + 7*v + 5347. Is v a prime number?
True
Suppose 0 = 3*h - 452 - 787. Suppose 3*d - 431 = -4*q - 394, q = -d + 11. Suppose -q*z = h - 3169. Is z a prime number?
False
Suppose 4867176 = 8*l + 16*l. Is l prime?
True
Let l = -185655 - -394582. Is l composite?
False
Suppose 4 = -3*r - 2, -4*h = r + 6. Let n(d) = 2417*d**2 + 5*d - 1. Is n(h) a composite number?
False
Suppose 5*r + 8*j - 934779 = 1401647, 3*r = -4*j + 1401854. Is r a prime n